{"id":1527,"date":"2019-01-22T09:13:41","date_gmt":"2019-01-22T12:13:41","guid":{"rendered":"https:\/\/www.urbanhousesuriname.net\/?page_id=1527"},"modified":"2019-02-20T17:03:00","modified_gmt":"2019-02-20T20:03:00","slug":"homepage","status":"publish","type":"page","link":"https:\/\/www.urbanhousesuriname.net\/","title":{"rendered":"Homepage"},"content":{"rendered":"<p><div class=\"fusion-fullwidth fullwidth-box fusion-builder-row-1 nonhundred-percent-fullwidth non-hundred-percent-height-scrolling\" style=\"--awb-border-radius-top-left:0px;--awb-border-radius-top-right:0px;--awb-border-radius-bottom-right:0px;--awb-border-radius-bottom-left:0px;--awb-background-color:rgba(255,255,255,0);--awb-flex-wrap:wrap;\" ><div class=\"fusion-builder-row fusion-row\"><div class=\"fusion-layout-column fusion_builder_column fusion-builder-column-0 fusion_builder_column_1_1 1_1 fusion-one-full fusion-column-first fusion-column-last\" style=\"--awb-bg-color:#ffffff;--awb-bg-color-hover:#ffffff;--awb-bg-size:cover;\"><div class=\"fusion-column-wrapper fusion-flex-column-wrapper-legacy\"><div class=\"fusion-title title fusion-title-1 fusion-title-text fusion-title-size-one\" style=\"--awb-margin-top-small:10px;--awb-margin-right-small:0px;--awb-margin-bottom-small:10px;--awb-margin-left-small:0px;\"><h1 class=\"fusion-title-heading title-heading-left fusion-responsive-typography-calculated\" style=\"margin:0;--fontSize:56;line-height:1.79;\">Over Urban House Suriname<\/h1><span class=\"awb-title-spacer\"><\/span><div class=\"title-sep-container\"><div class=\"title-sep sep- sep-solid\" style=\"border-color:#e0dede;\"><\/div><\/div><\/div><div class=\"fusion-text fusion-text-1\"><p>Urban House Suriname (UHS) is in 2016 opgericht door Aline Dusabe, met \u00e9\u00e9n duidelijke missie: het alakondre DNA van jongeren in Suriname te cultiveren en te benutten vanuit het beste van de jongeren zelf. UHS maakt dit waar met Coworking, University of life en Career support programma\u2019s voor jongeren vanaf 12 Jaar met de focus op tieners en jongvolwassenen.<\/p>\n<\/div><div class=\"fusion-clearfix\"><\/div><\/div><\/div><div class=\"fusion-layout-column fusion_builder_column fusion-builder-column-1 fusion_builder_column_1_1 1_1 fusion-one-full fusion-column-first fusion-column-last\" style=\"--awb-bg-color:#ffffff;--awb-bg-color-hover:#ffffff;--awb-bg-size:cover;\"><div class=\"fusion-column-wrapper fusion-flex-column-wrapper-legacy\"><div class=\"fusion-text fusion-text-2\"><h2>The spirit of Urban House Suriname<\/h2>\n<\/div><div class=\"fusion-clearfix\"><\/div><\/div><\/div><\/div><\/div><div class=\"fusion-fullwidth fullwidth-box fusion-builder-row-2 fusion-parallax-none nonhundred-percent-fullwidth non-hundred-percent-height-scrolling\" style=\"--awb-border-radius-top-left:0px;--awb-border-radius-top-right:0px;--awb-border-radius-bottom-right:0px;--awb-border-radius-bottom-left:0px;--awb-padding-top:170px;--awb-padding-right:15%;--awb-padding-bottom:170px;--awb-padding-left:15%;--awb-background-image:url(&quot;https:\/\/www.urbanhousesuriname.net\/wp-content\/uploads\/2019\/01\/ban.jpg&quot;);--awb-background-size:cover;--awb-border-sizes-top:0px;--awb-border-sizes-bottom:0px;--awb-flex-wrap:wrap;\" ><div class=\"fusion-builder-row fusion-row\"><div class=\"fusion-layout-column fusion_builder_column fusion-builder-column-2 fusion_builder_column_1_1 1_1 fusion-one-full fusion-column-first fusion-column-last fusion-animated\" style=\"--awb-bg-size:cover;\" data-animationType=\"fadeInRight\" data-animationDuration=\"0.3\" data-animationOffset=\"top-into-view\"><div class=\"fusion-column-wrapper fusion-flex-column-wrapper-legacy\"><div class=\"fusion-testimonials clean awb-speech-bubble-show fusion-testimonials-1\" style=\"--awb-textcolor:#ffffff;--awb-backgroundcolor:rgba(255,255,255,0);--awb-testimonial-border-style:solid;--awb-testimonial-border-color:var(--awb-color3);--awb-border-top-left-radius:0px;--awb-border-top-right-radius:0px;--awb-border-bottom-left-radius:0px;--awb-border-bottom-right-radius:0px;--testimonial-border-width-top:0px;--testimonial-border-width-right:0px;--testimonial-border-width-bottom:0px;--testimonial-border-width-left:0px;\" data-random=\"0\" data-speed=\"10000\"><div class=\"reviews\"><div class=\"review active-testimonial avatar-above no-avatar\"><blockquote class=\"testimonials-shortcode-blockquote\"><div class=\"awb-quote\"><div class=\"awb-quote-content\">\n<div style=\"font-size: 28px; color: #ffffff;\"><strong style=\"text-shadow: 1px 1px #2D69B6;\">No guru, no method, no teacher<\/strong><\/div>\n<\/div><\/div><\/blockquote><div class=\"author\"><span class=\"company-name\"><strong>Van Morrison<\/strong><\/span><\/div><\/div><\/div><\/div><div class=\"fusion-clearfix\"><\/div><\/div><\/div><\/div><\/div><div class=\"fusion-fullwidth fullwidth-box fusion-builder-row-3 nonhundred-percent-fullwidth non-hundred-percent-height-scrolling\" style=\"--awb-border-radius-top-left:0px;--awb-border-radius-top-right:0px;--awb-border-radius-bottom-right:0px;--awb-border-radius-bottom-left:0px;--awb-margin-top:30px;--awb-background-color:rgba(255,255,255,0);--awb-flex-wrap:wrap;\" ><div class=\"fusion-builder-row fusion-row\"><div class=\"fusion-layout-column fusion_builder_column fusion-builder-column-3 fusion_builder_column_1_1 1_1 fusion-one-full fusion-column-first fusion-column-last\" style=\"--awb-bg-color:#ffffff;--awb-bg-color-hover:#ffffff;--awb-bg-size:cover;\"><div class=\"fusion-column-wrapper fusion-flex-column-wrapper-legacy\"><div class=\"fusion-text fusion-text-3\"><p>Bij UHS-programma\u2019s hebben aandacht dat de ontwikkeling van elke jongere anders verloopt. Dit varieert naargelang leeftijd, referentiekader, talent, gender enz. Het komt er dus op aan een humanistische omgeving en community te cre\u00ebren waarin ieder jongere in Suriname vanuit zijn of haar eigenheid een weg kan vinden. We geven niet alleen de nodig kennis mee, maar ook de attitude en skills om met die kennis uit te pakken in de echte wereld.<\/p>\n<h2>UHS Staf<\/h2>\n<p>In de coulissen van Urban House Suriname vind je een hecht team. Zij zorgen voor co\u00f6rdinatie, het programma en de kwaliteit, de events, partnerships en middelen. Ze staan klaar voor alle jongeren en zorgen ook voor de nodige begeleiding.<\/p>\n<\/div><div class=\"fusion-clearfix\"><\/div><\/div><\/div><div class=\"fusion-layout-column fusion_builder_column fusion-builder-column-4 fusion_builder_column_1_4 1_4 fusion-one-fourth fusion-column-first\" style=\"--awb-bg-size:cover;width:25%;width:calc(25% - ( ( 4% + 4% + 4% ) * 0.25 ) );margin-right: 4%;\"><div class=\"fusion-column-wrapper fusion-flex-column-wrapper-legacy\"><div class=\"fusion-person person fusion-person-center fusion-person-1 fusion-person-icon-top\" style=\"--awb-pic-style-color:#000000;--awb-pic-borderradius:0px;--awb-margin-top:0px;--awb-margin-right:0px;--awb-margin-bottom:0px;--awb-margin-left:0px;\"><div class=\"person-shortcode-image-wrapper\"><div class=\"person-image-container hover-type-none\" style=\"border:0px solid #f6f6f6;-webkit-border-radius:0px;-moz-border-radius:0px;border-radius:0px;\"><img decoding=\"async\" class=\"person-img img-responsive wp-image-1561\" width=\"300\" height=\"450\" src=\"https:\/\/www.urbanhousesuriname.net\/wp-content\/uploads\/2019\/01\/AlineDusabe.jpg\" alt=\"Aline Dusabe\" srcset=\"https:\/\/www.urbanhousesuriname.net\/wp-content\/uploads\/2019\/01\/AlineDusabe-200x300.jpg 200w, https:\/\/www.urbanhousesuriname.net\/wp-content\/uploads\/2019\/01\/AlineDusabe.jpg 300w\" sizes=\"(max-width: 800px) 100vw, 300px\" \/><\/div><\/div><div class=\"person-desc\" style=\"background-color:#f7f7f7;padding:40px;margin-top:0;\"><div class=\"person-author\"><div class=\"person-author-wrapper\"><span class=\"person-name\">Aline Dusabe<\/span><span class=\"person-title\">Chief Believer (strategie, supervisie, pr en fondsen)<\/span><\/div><\/div><div class=\"person-content fusion-clearfix\">Ik ben Aline Dusabe, een Afrikaanse vrouw die houdt van Belgische chocolade. Ik woon in het meeste groene land van de wereld en ben daarin verdwaald. Ik heb een vertrouwde omgeving achtergelaten voor dit massief mooie land. Door verliefd te worden op Mama Sranan heb ik mezelf gevonden. \u201cUrban House Suriname\u201d heb ik opgericht om de wereld te kleuren met de stemmen en verhalen van Surinaamse jongeren. En dit vanzelfsprekend buiten de lijnen.<\/div><\/div><\/div><div class=\"fusion-clearfix\"><\/div><\/div><\/div><div class=\"fusion-layout-column fusion_builder_column fusion-builder-column-5 fusion_builder_column_1_4 1_4 fusion-one-fourth\" style=\"--awb-bg-size:cover;width:25%;width:calc(25% - ( ( 4% + 4% + 4% ) * 0.25 ) );margin-right: 4%;\"><div class=\"fusion-column-wrapper fusion-flex-column-wrapper-legacy\"><div class=\"fusion-person person fusion-person-center fusion-person-2 fusion-person-icon-top\" style=\"--awb-pic-style-color:#000000;--awb-pic-borderradius:0px;--awb-margin-top:0px;--awb-margin-right:0px;--awb-margin-bottom:0px;--awb-margin-left:0px;\"><div class=\"person-shortcode-image-wrapper\"><div class=\"person-image-container hover-type-none\" style=\"border:0px solid #f6f6f6;-webkit-border-radius:0px;-moz-border-radius:0px;border-radius:0px;\"><img decoding=\"async\" class=\"person-img img-responsive wp-image-1566\" width=\"300\" height=\"450\" src=\"https:\/\/www.urbanhousesuriname.net\/wp-content\/uploads\/2019\/01\/DanitjaHoost.jpg\" alt=\"Danitja Hoost\" srcset=\"https:\/\/www.urbanhousesuriname.net\/wp-content\/uploads\/2019\/01\/DanitjaHoost-200x300.jpg 200w, https:\/\/www.urbanhousesuriname.net\/wp-content\/uploads\/2019\/01\/DanitjaHoost.jpg 300w\" sizes=\"(max-width: 800px) 100vw, 300px\" \/><\/div><\/div><div class=\"person-desc\" style=\"background-color:#f7f7f7;padding:40px;margin-top:0;\"><div class=\"person-author\"><div class=\"person-author-wrapper\"><span class=\"person-name\">Danitja Hoost<\/span><span class=\"person-title\">Co\u00f6rdinator projecten<\/span><\/div><\/div><div class=\"person-content fusion-clearfix\">Ik geloof dat liefde en coaching sleutelfactoren zijn om mijn medemens te helpen in het ontwikkelen van haar\/zijn capaciteit om een actieve burger te zijn. Ieder mens zit vol talenten maar ik geloof dat die pas tot uiting komen wanneer je de gelegenheid hebt om je stem te laten horen. Het is daarom niet alleen mijn passie, maar meer nog mijn taak om mensen, ongeacht hun achtergrond of omstandigheden, een helpende hand te bieden op hun reis naar een gelukkig leven.<\/div><\/div><\/div><div class=\"fusion-clearfix\"><\/div><\/div><\/div><div class=\"fusion-layout-column fusion_builder_column fusion-builder-column-6 fusion_builder_column_1_4 1_4 fusion-one-fourth\" style=\"--awb-bg-size:cover;width:25%;width:calc(25% - ( ( 4% + 4% + 4% ) * 0.25 ) );margin-right: 4%;\"><div class=\"fusion-column-wrapper fusion-flex-column-wrapper-legacy\"><div class=\"fusion-person person fusion-person-center fusion-person-3 fusion-person-icon-top\" style=\"--awb-pic-style-color:#000000;--awb-pic-borderradius:0px;--awb-margin-top:0px;--awb-margin-right:0px;--awb-margin-bottom:0px;--awb-margin-left:0px;\"><div class=\"person-shortcode-image-wrapper\"><div class=\"person-image-container hover-type-none\" style=\"border:0px solid #f6f6f6;-webkit-border-radius:0px;-moz-border-radius:0px;border-radius:0px;\"><img decoding=\"async\" class=\"person-img img-responsive wp-image-1567\" width=\"300\" height=\"450\" src=\"https:\/\/www.urbanhousesuriname.net\/wp-content\/uploads\/2019\/01\/JurgenReguilioMormon.jpg\" alt=\"Jurgen Mormon\" srcset=\"https:\/\/www.urbanhousesuriname.net\/wp-content\/uploads\/2019\/01\/JurgenReguilioMormon-200x300.jpg 200w, https:\/\/www.urbanhousesuriname.net\/wp-content\/uploads\/2019\/01\/JurgenReguilioMormon.jpg 300w\" sizes=\"(max-width: 800px) 100vw, 300px\" \/><\/div><\/div><div class=\"person-desc\" style=\"background-color:#f7f7f7;padding:40px;margin-top:0;\"><div class=\"person-author\"><div class=\"person-author-wrapper\"><span class=\"person-name\">Jurgen Mormon<\/span><span class=\"person-title\">Communicatie Manager<\/span><\/div><\/div><div class=\"person-content fusion-clearfix\">Ik ben Jurgen Reguilio Mormon. Kind van het kleurrijke Caribische Suriname, bewogen door het ritme van de drum, de snaar van de gitaar, de diversiteit en gelijkenissen van de verschillende culturen. Mijn fantasie\u00ebn en idee\u00ebn worden tot leven gebracht door visionaire creatieve energie\u00ebn die gedreven worden door liefde.<\/div><\/div><\/div><div class=\"fusion-clearfix\"><\/div><\/div><\/div><div class=\"fusion-layout-column fusion_builder_column fusion-builder-column-7 fusion_builder_column_1_4 1_4 fusion-one-fourth fusion-column-last\" style=\"--awb-bg-size:cover;width:25%;width:calc(25% - ( ( 4% + 4% + 4% ) * 0.25 ) );\"><div class=\"fusion-column-wrapper fusion-flex-column-wrapper-legacy\"><div class=\"fusion-person person fusion-person-center fusion-person-4 fusion-person-icon-top\" style=\"--awb-pic-style-color:#000000;--awb-pic-borderradius:0px;--awb-margin-top:0px;--awb-margin-right:0px;--awb-margin-bottom:0px;--awb-margin-left:0px;\"><div class=\"person-shortcode-image-wrapper\"><div class=\"person-image-container hover-type-none\" style=\"border:0px solid #f6f6f6;-webkit-border-radius:0px;-moz-border-radius:0px;border-radius:0px;\"><img decoding=\"async\" class=\"person-img img-responsive wp-image-1569\" width=\"300\" height=\"450\" src=\"https:\/\/www.urbanhousesuriname.net\/wp-content\/uploads\/2019\/01\/CherrylElmont.jpg\" alt=\"Cherryl Elmont\" srcset=\"https:\/\/www.urbanhousesuriname.net\/wp-content\/uploads\/2019\/01\/CherrylElmont-200x300.jpg 200w, https:\/\/www.urbanhousesuriname.net\/wp-content\/uploads\/2019\/01\/CherrylElmont.jpg 300w\" sizes=\"(max-width: 800px) 100vw, 300px\" \/><\/div><\/div><div class=\"person-desc\" style=\"background-color:#f7f7f7;padding:40px;margin-top:0;\"><div class=\"person-author\"><div class=\"person-author-wrapper\"><span class=\"person-name\">Cherryl Elmont<\/span><span class=\"person-title\">Community Builder<\/span><\/div><\/div><div class=\"person-content fusion-clearfix\">Ik ben Cherryl Elmont, een jonge dynamische vrouw met een passie voor lesgeven. Ik doe mijn werk met veel enthousiasme en ervaar mijn interactie met leerlingen als zeer zinvol en dankbaar. Het geeft mij enorm veel voldoening om te zien hoe leerlingen gedurende een schooljaar groeien in hun ontwikkeling en als leerkracht in het onderwijs heb ik een duidelijke taak. Enthousiasme is niet het enige dat mij typeert. Ik schep er veel genoegen in om leerlingen te zien groeien en zet me hier voor de volle 100 procent in. Kort gezegd: ik wil een wezenlijke bijdrage leveren aan de ontwikkeling van jongeren in Suriname.<\/div><\/div><\/div><div class=\"fusion-clearfix\"><\/div><\/div><\/div><div class=\"fusion-layout-column fusion_builder_column fusion-builder-column-8 fusion_builder_column_1_1 1_1 fusion-one-full fusion-column-first fusion-column-last\" style=\"--awb-bg-size:cover;\"><div class=\"fusion-column-wrapper fusion-flex-column-wrapper-legacy\"><div class=\"fusion-text fusion-text-4\"><h2>UHS Raad<\/h2>\n<p>Urban House Suriname is een social profit organisatie en hebben we ook een raad van bestuur. Deze inspirerende personen staan ons bij met raad en daad. Ze geloven in Urban House Suriname en hebben een positieve, kritische blik kijken naar de stappen die we nemen zodat ze ons zo goed mogelijk kunnen begeleiden in onze uitdagingen.<\/p>\n<\/div><div class=\"fusion-clearfix\"><\/div><\/div><\/div><div class=\"fusion-layout-column fusion_builder_column fusion-builder-column-9 fusion_builder_column_1_3 1_3 fusion-one-third fusion-column-first\" style=\"--awb-bg-size:cover;width:33.333333333333%;width:calc(33.333333333333% - ( ( 4% + 4% ) * 0.33333333333333 ) );margin-right: 4%;\"><div class=\"fusion-column-wrapper fusion-flex-column-wrapper-legacy\"><div class=\"fusion-person person fusion-person-center fusion-person-5 fusion-person-icon-top\" style=\"--awb-pic-style-color:#000000;--awb-pic-borderradius:0px;--awb-margin-top:0px;--awb-margin-right:0px;--awb-margin-bottom:0px;--awb-margin-left:0px;\"><div class=\"person-desc\" style=\"background-color:#f7f7f7;padding:40px;margin-top:0;\"><div class=\"person-author\"><div class=\"person-author-wrapper\"><span class=\"person-name\">Randy Van Zichem<\/span><span class=\"person-title\"><\/span><\/div><\/div><div class=\"person-content fusion-clearfix\"><\/div><\/div><\/div><div class=\"fusion-clearfix\"><\/div><\/div><\/div><div class=\"fusion-layout-column fusion_builder_column fusion-builder-column-10 fusion_builder_column_1_3 1_3 fusion-one-third\" style=\"--awb-bg-size:cover;width:33.333333333333%;width:calc(33.333333333333% - ( ( 4% + 4% ) * 0.33333333333333 ) );margin-right: 4%;\"><div class=\"fusion-column-wrapper fusion-flex-column-wrapper-legacy\"><div class=\"fusion-person person fusion-person-center fusion-person-6 fusion-person-icon-top\" style=\"--awb-pic-style-color:#000000;--awb-pic-borderradius:0px;--awb-margin-top:0px;--awb-margin-right:0px;--awb-margin-bottom:0px;--awb-margin-left:0px;\"><div class=\"person-desc\" style=\"background-color:#f7f7f7;padding:40px;margin-top:0;\"><div class=\"person-author\"><div class=\"person-author-wrapper\"><span class=\"person-name\">Alida Neslo<\/span><span class=\"person-title\"><\/span><\/div><\/div><div class=\"person-content fusion-clearfix\"><\/div><\/div><\/div><div class=\"fusion-clearfix\"><\/div><\/div><\/div><div class=\"fusion-layout-column fusion_builder_column fusion-builder-column-11 fusion_builder_column_1_3 1_3 fusion-one-third fusion-column-last\" style=\"--awb-bg-size:cover;width:33.333333333333%;width:calc(33.333333333333% - ( ( 4% + 4% ) * 0.33333333333333 ) );\"><div class=\"fusion-column-wrapper fusion-flex-column-wrapper-legacy\"><div class=\"fusion-person person fusion-person-center fusion-person-7 fusion-person-icon-top\" style=\"--awb-pic-style-color:#000000;--awb-pic-borderradius:0px;--awb-margin-top:0px;--awb-margin-right:0px;--awb-margin-bottom:0px;--awb-margin-left:0px;\"><div class=\"person-desc\" style=\"background-color:#f7f7f7;padding:40px;margin-top:0;\"><div class=\"person-author\"><div class=\"person-author-wrapper\"><span class=\"person-name\">Ken Doorson<\/span><span class=\"person-title\"><\/span><\/div><\/div><div class=\"person-content fusion-clearfix\"><\/div><\/div><\/div><div class=\"fusion-clearfix\"><\/div><\/div><\/div><div class=\"fusion-layout-column fusion_builder_column fusion-builder-column-12 fusion_builder_column_1_1 1_1 fusion-one-full fusion-column-first fusion-column-last\" style=\"--awb-bg-size:cover;\"><div class=\"fusion-column-wrapper fusion-flex-column-wrapper-legacy\"><div class=\"fusion-clearfix\"><\/div><\/div><\/div><\/div><\/div><div class=\"fusion-fullwidth fullwidth-box fusion-builder-row-4 hundred-percent-fullwidth non-hundred-percent-height-scrolling\" style=\"--awb-border-radius-top-left:0px;--awb-border-radius-top-right:0px;--awb-border-radius-bottom-right:0px;--awb-border-radius-bottom-left:0px;--awb-background-color:#000000;--awb-flex-wrap:wrap;\" ><div class=\"fusion-builder-row fusion-row\"><div class=\"fusion-layout-column fusion_builder_column fusion-builder-column-13 fusion_builder_column_1_1 1_1 fusion-one-full fusion-column-first fusion-column-last\" style=\"--awb-padding-top:30px;--awb-bg-color:#000000;--awb-bg-color-hover:#000000;--awb-bg-size:cover;\"><div class=\"fusion-column-wrapper fusion-flex-column-wrapper-legacy\"><div class=\"fusion-video fusion-youtube fusion-aligncenter\" style=\"--awb-max-width:3000px;--awb-max-height:1688px;--awb-width:100%;\"><div class=\"video-shortcode\"><div class=\"fluid-width-video-wrapper\" style=\"padding-top:56.27%;\" ><iframe title=\"YouTube video player 1\" src=\"https:\/\/www.youtube.com\/embed\/eKBTAGsiavI?wmode=transparent&autoplay=0\" width=\"3000\" height=\"1688\" allowfullscreen allow=\"autoplay; clipboard-write; encrypted-media; gyroscope; picture-in-picture;\"><\/iframe><\/div><\/div><\/div><div class=\"fusion-clearfix\"><\/div><\/div><\/div><\/div><\/div><\/p>\n","protected":false},"excerpt":{"rendered":"","protected":false},"author":2,"featured_media":0,"parent":0,"menu_order":0,"comment_status":"closed","ping_status":"closed","template":"","meta":{"footnotes":""},"class_list":["post-1527","page","type-page","status-publish","hentry"],"_links":{"self":[{"href":"https:\/\/www.urbanhousesuriname.net\/index.php\/wp-json\/wp\/v2\/pages\/1527","targetHints":{"allow":["GET"]}}],"collection":[{"href":"https:\/\/www.urbanhousesuriname.net\/index.php\/wp-json\/wp\/v2\/pages"}],"about":[{"href":"https:\/\/www.urbanhousesuriname.net\/index.php\/wp-json\/wp\/v2\/types\/page"}],"author":[{"embeddable":true,"href":"https:\/\/www.urbanhousesuriname.net\/index.php\/wp-json\/wp\/v2\/users\/2"}],"replies":[{"embeddable":true,"href":"https:\/\/www.urbanhousesuriname.net\/index.php\/wp-json\/wp\/v2\/comments?post=1527"}],"version-history":[{"count":45,"href":"https:\/\/www.urbanhousesuriname.net\/index.php\/wp-json\/wp\/v2\/pages\/1527\/revisions"}],"predecessor-version":[{"id":1674,"href":"https:\/\/www.urbanhousesuriname.net\/index.php\/wp-json\/wp\/v2\/pages\/1527\/revisions\/1674"}],"wp:attachment":[{"href":"https:\/\/www.urbanhousesuriname.net\/index.php\/wp-json\/wp\/v2\/media?parent=1527"}],"curies":[{"name":"wp","href":"https:\/\/api.w.org\/{rel}","templated":true}]}}